6318 a multiple of 129?
False
Is 18 a factor of 8201225?
False
Is 1221 a factor of 8328441?
True
Is 496920 a multiple of 123?
True
Does 1135 divide 2427765?
True
Is 56 a factor of 209232?
False
Does 56 divide 43970?
False
Is 14 a factor of 15146513?
False
Is 506 a factor of 963667?
False
Is 105 a factor of 90457?
False
Is 1376946 a multiple of 730?
False
Does 29 divide 4404926?
True
Is 420564 a multiple of 23?
False
Is 292778 a multiple of 133?
False
Does 111 divide 4050834?
True
Does 302 divide 1391616?
True
Is 217 a factor of 148257?
False
Is 28 a factor of 206192?
True
Does 16 divide 338746?
False
Is 10124552 a multiple of 136?
False
Does 6 divide 4703838?
True
Is 171119 a multiple of 3?
False
Is 65 a factor of 18005?
True
Is 6458882 a multiple of 1065?
False
Is 116 a factor of 48720?
True
Is 1543949 a multiple of 30?
False
Is 418278 a multiple of 193?
False
Is 8 a factor of 681320?
True
Is 6185779 a multiple of 581?
False
Does 43 divide 985001?
True
Is 2 a factor of 239613?
False
Is 31346 a multiple of 14?
True
Is 21 a factor of 23499?
True
Is 256609 a multiple of 184?
False
Does 25 divide 112404?
False
Is 727035 a multiple of 1566?
False
Is 27 a factor of 74624?
False
Is 132 a factor of 134028?
False
Is 6 a factor of 436116?
True
Is 24 a factor of 12157296?
True
Does 11 divide 344608?
True
Is 4723 a multiple of 3?
False
Does 94 divide 22670?
False
Does 26 divide 2378610?
True
Is 64 a factor of 197760?
True
Is 2856 a multiple of 24?
True
Does 170 divide 100534?
False
Is 21 a factor of 3382218?
True
Is 8745 a multiple of 159?
True
Does 8 divide 3697208?
True
Is 18 a factor of 3204392?
False
Does 7 divide 32990?
False
Is 23644874 a multiple of 913?
True
Does 48 divide 119232?
True
Does 8 divide 1245406?
False
Does 53 divide 104514?
False
Is 76410 a multiple of 4?
False
Is 926016 a multiple of 96?
True
Is 44 a factor of 287320?
True
Is 4830852 a multiple of 537?
True
Is 6 a factor of 171084?
True
Does 72 divide 2268931?
False
Does 756 divide 3690036?
True
Is 15817680 a multiple of 20?
True
Is 134 a factor of 4422?
True
Is 2471977 a multiple of 239?
True
Is 466 a factor of 246048?
True
Is 24 a factor of 80280?
True
Is 20 a factor of 23353?
False
Is 26 a factor of 22024080?
True
Is 910795 a multiple of 51?
False
Is 17 a factor of 132770?
True
Does 6 divide 1221528?
True
Is 5412682 a multiple of 38?
True
Does 54 divide 94446?
True
Is 234 a factor of 68094?
True
Does 260 divide 2926820?
True
Does 3 divide 41073?
True
Does 382 divide 1442432?
True
Is 678270 a multiple of 5?
True
Does 98 divide 1065162?
True
Does 22 divide 25544674?
False
Is 4528420 a multiple of 55?
False
Does 602 divide 87290?
True
Is 81730 a multiple of 2?
True
Does 63 divide 3328290?
True
Is 71 a factor of 113759?
False
Is 112 a factor of 272123?
False
Is 2 a factor of 1819057?
False
Does 20 divide 1418961?
False
Does 189 divide 450108?
False
Is 7 a factor of 2389022?
False
Does 18 divide 328053?
False
Is 22 a factor of 607376?
True
Does 80 divide 395834?
False
Does 43 divide 71342?
False
Is 12104880 a multiple of 12?
True
Does 1013 divide 14422081?
True
Is 10792794 a multiple of 17?
False
Is 9 a factor of 8408679?
False
Is 209 a factor of 424061?
True
Is 276 a factor of 129993?
False
Is 9 a factor of 908288?
False
Is 9783705 a multiple of 1171?
True
Does 10 divide 21555?
False
Is 232096 a multiple of 32?
True
Is 60 a factor of 5360520?
True
Does 17 divide 1582377?
True
Is 11 a factor of 349712?
True
Is 21 a factor of 233016?
True
Is 1908754 a multiple of 1058?
False
Does 149 divide 63979?
False
Is 1581020 a multiple of 230?
True
Is 6748 a multiple of 14?
True
Does 257 divide 44658?
False
Does 7 divide 131863?
False
Does 214 divide 301362?
False
Is 202 a factor of 275932?
True
Is 274 a factor of 567931?
False
Is 53316 a multiple of 16?
False
Is 13 a factor of 15269084?
False
Is 96996 a multiple of 12?
True
Is 58 a factor of 3984351?
False
Is 310 a factor of 714240?
True
Is 11526027 a multiple of 433?
True
Is 619485 a multiple of 12?
False
Is 179011 a multiple of 689?
False
Does 36 divide 96310?
False
Is 456251 a multiple of 24?
False
Does 1829 divide 8569046?
False
Is 1751953 a multiple of 6?
False
Is 6953445 a multiple of 9?
True
Does 9 divide 587823?
False
Does 11 divide 2833600?
True
Is 19 a factor of 101887?
False
Is 648 a factor of 1124568?
False
Is 199 a factor of 2727870?
False
Is 1738998 a multiple of 18?
True
Is 941 a factor of 9887087?
True
Is 14 a factor of 585863?
False
Is 23 a factor of 77556?
True
Is 25 a factor of 17220?
False
Is 1342799 a multiple of 1056?
False
Is 1200410 a multiple of 11?
False
Is 73901 even?
False
Is 65 a factor of 247042?
False
Is 1549920 a multiple of 20?
True
Is 72 a factor of 55584?
True
Is 144588 a multiple of 249?
False
Is 387 a factor of 1151428?
False
Is 32 a factor of 20896?
True
Does 120 divide 10732440?
True
Is 60 a factor of 20992380?
True
Is 401451 a multiple of 26?
False
Does 4 divide 974068?
True
Is 17041408 a multiple of 47?
False
Is 121478 a multiple of 24?
False
Is 38 a factor of 15540100?
True
Is 81 a factor of 955894?
False
Does 32 divide 118385?
False
Does 110 divide 1050033?
False
Is 41 a factor of 2406085?
True
Does 105 divide 287280?
True
Is 294 a factor of 357798?
True
Is 19286 a multiple of 35?
False
Is 159 a factor of 10491615?
True
Is 26172 a multiple of 18?
True
Is 31 a factor of 1438245?
True
Does 75 divide 1356000?
True
Is 32276 a multiple of 3?
False
Is 18 a factor of 140184?
True
Is 873782 a multiple of 26?
True
Is 173412 a multiple of 9?
True
Is 24349741 a multiple of 13?
True
Is 43421 a multiple of 10?
False
Does 967 divide 7112358?
False
Does 47 divide 154471?
False
Does 3 divide 4054892?
False
Is 1645616 a multiple of 92?
False
Is 14809 a multiple of 4?
False
Is 194558 a multiple of 12?
False
Is 108 a factor of 2126952?
True
Is 303 a factor of 4692258?
True
Is 233 a factor of 1134837?
False
Does 10 divide 719180?
True
Does 83 divide 130777?
False
Is 1894155 a multiple of 197?
True
Does 39 divide 34849?
False
Is 48 a factor of 2876352?
True
Is 23 a factor of 677726?
False
Is 426 a factor of 63900?
True
Does 52 divide 4185870?
False
Does 391 divide 222777?
False
Is 14477392 a multiple of 38?
True
Does 14 divide 2715644?
False
Is 2 a factor of 44084?
True
Is 164501 a multiple of 6?
False
Does 112 divide 2010?
False
Is 67520 a multiple of 4?
True
Is 20580 a multiple of 210?
True
Is 35430575 a multiple of 17?
False
Does 28 divide 129099?
False
Is 8602 a multiple of 27?
False
Is 105400 a multiple of 31?
True
Is 31955 a multiple of 35?
True
Does 671 divide 31141?
False
Is 7 a factor of 46558?
False
Is 270 a factor of 950670?
True
Is 72 a factor of 971929?
False
Is 95705 a multiple of 159?
False
Does 114 divide 90673?
False
Is 35 a factor of 546260?
False
Is 407504 a multiple of 696?
False
Is 78544 a multiple of 32?
False
Is 67346 a multiple of 446?
True
Does 8 divide 46830?
False
Is 37 a factor of 821395?
False
Is 1990296 a multiple of 792?
True
Is 25711 a multiple of 586?
False
Is 399753 a multiple of 95?
False
Does 66 divide 608520?
True
Is 678988 a multiple of 173?
False
Does 742 divide 296667?
False
Is 19 a factor of 1558984?
False
Is 113 a factor of 1028554?
False
Does 14 divide 1011024?
True
Is 151088 a multiple of 40?
False
Is 48266 even?
True
Does 16 divide 27607?
False
Is 1090005 a multiple of 21?
True
Does 60 divide 638229?
False
Is 382 a factor of 373094?
False
Is 47 a factor of 1565123?
False
Is 3255795 a multiple of 15?
True
Is 970756 a multiple of 6?
False
Is 1262516 a multiple of 285?
False
Is 251538 a multiple of 339?
True
Is 781 a factor of 688061?
True
Does 57 divide 1119480?
True
Does 3 divide 65076?
True
Is 75231 a multiple of 13?
True
Is 64296 a multiple of 19?
True
Is 22 a factor of 65444?
False
Is 20 a factor of 1255260?
True
Is 55 a factor of 10040691?
False
Is 23 a factor of 137381?
False
Does 1145 divide 1264080?
True
Does 345 divide 55200?
True
Does 156 divide 6573048?
False
Does 120 divide 602535?
False
Is 3 a factor of 365158?
False
Does 3 divide 4828481?
False
Does 61 divide 345565?
True
Is 8 a factor of 1707885?
False
Does 1475 divide 4799812?
False
Is 285479 a multiple of 75?
False
Is 322 a factor of 106260?
True
Is 3045468 a multiple of 12?
True
Is 383053 a multiple of 95?
Fa